-s**3 - 28*s**2 + 31*s + 59. Let z be f(-29). Suppose 9*u - 13*u = 12. What are the prime factors of 55*z/((-3)/u)?
5, 11
Let c(h) = 12*h + 38. Let v be c(-3). Suppose -v*t + 424 = -500. What are the prime factors of t?
2, 3, 7, 11
Let p = -1150 - -1615. Suppose 33*a - 28*a - p = 0. List the prime factors of a.
3, 31
Let j(w) be the first derivative of 4*w**3/3 + 2*w**2 + 15*w + 15. Let m be j(9). Suppose 0 = 4*f - 97 - m. List the prime factors of f.
2, 59
Let b(d) = 11*d + 70. Let k be b(-6). Suppose 0 = -k*i + 305 + 491. What are the prime factors of i?
199
Let m be (33/(-10))/(72/60)*-4. Suppose -m*i = -24*i + 4927. What are the prime factors of i?
379
Let x = 1776 + -3952. List the prime factors of (x/96)/((-1)/51).
2, 17
Let g = -377 - -800. Suppose 4*j = g + 225. Suppose 0 = -21*s + 19*s + j. What are the prime factors of s?
3
Let t(q) = q**2 - q - 3. Let n be t(2). Let l be (-1 + n + (-3 - -9))/2. Suppose -l*w + 186 - 12 = 0. What are the prime factors of w?
3, 29
Suppose q - m + 3 = 0, q + 4*m = 5 + 7. What are the prime factors of ((-1)/2 - q)/((-38)/41724)?
3, 61
Let c be ((-84)/(-7))/3 + (1 - 3). Let u(i) = 162*i + 16. List the prime factors of u(c).
2, 5, 17
Let k be (-2984)/40 - 6/(-10). Let u(t) = -t**3 - 7*t**2 + 8*t - 1. Let x be u(-8). Let l = x - k. What are the prime factors of l?
73
Suppose 24*r + 18*r = 945378. List the prime factors of r.
3, 41, 61
Let g(r) = -r + 13. Let u be g(10). Suppose -f = -3*m - 18, -18 = -u*f - m + 26. Suppose -5*c + 1185 = -0*z - 5*z, -f = -3*z. List the prime factors of c.
2, 11
Suppose -g = y + 19, y + 13 = -3*g - 4. Suppose -2*f = 2*m + 114, 4*m - 45*f = -46*f - 216. Let p = y - m. What are the prime factors of p?
3, 11
Let n = 26534 - 15046. List the prime factors of n.
2, 359
Let s(q) = 17*q. Let n be s(1). Let v = 32 - n. Suppose -16*p + 35 = -v*p. List the prime factors of p.
5, 7
Let i(f) = f - 5. Let j be i(3). Let d be ((-4)/j)/((-8)/(-660)). Suppose d = 100*s - 95*s. List the prime factors of s.
3, 11
Suppose -3*r + 29 + 44 = 4*w, -4*r - 5*w + 98 = 0. Let n = -27 + r. Suppose n = 2*q - 8, 3*b = -0*b - 2*q + 386. List the prime factors of b.
2, 3, 7
Let c(o) = -55*o**3 + 2*o**2 + o - 2. Let x be c(-2). Let d be -293 + (-9)/(45/(-20)). Let m = x + d. List the prime factors of m.
5, 31
Let g(t) = -16*t**2 - 10*t - 14. Let s be g(-5). Let p = 569 + s. List the prime factors of p.
5, 41
Let r = 30572 + -21051. What are the prime factors of r?
9521
Let t(x) = x - 6. Let d be t(12). Suppose 0 = -g - d*g + 1582. Suppose -p = p - g. List the prime factors of p.
113
Let o(m) = -m**2 - 15*m - 128. Let u be o(-19). Let z = 1 - 2. List the prime factors of z/(-5) - u/30.
7
Let v(m) = -3*m + 9. Let u be v(7). List the prime factors of u/9 + 2 - (-10910)/15.
2, 7, 13
Suppose 2*z - 666 + 241 = -s, 3*s - 2*z - 1251 = 0. Let r = 870 - s. List the prime factors of r.
11, 41
Let c = 1372 + -1030. Suppose 4*a + 5 = 5*a. Suppose -208 = -a*v + c. List the prime factors of v.
2, 5, 11
Let h = 2 + 3. What are the prime factors of ((-540)/14)/(2/(-70)*h)?
2, 3, 5
Let v(f) = 28219*f + 8. Let u be v(1). Suppose 32*c - 27069 = u. What are the prime factors of c?
2, 3
Let x(h) = -2*h**2 - 10*h + 6. Let p be x(-11). Let q be 2 + 16/(-7) - 414/p. Suppose -q*z + 4*f + 228 = 0, 5 + 1 = -2*f. List the prime factors of z.
2, 3
Let j(r) = 448*r**2 - 169*r + 2205. List the prime factors of j(14).
7, 19, 659
Suppose 0 = 3*c + 4*c - 1883. Let v = c - 262. List the prime factors of v.
7
Let a(z) = z**3 + 66*z**2 + 300*z + 94. List the prime factors of a(-27).
5, 19, 43
Let v(a) = -2*a + 39. Let y be v(15). List the prime factors of 187750/450 - 2/y.
3, 139
Suppose -4*f = 3*h + h + 24, -2*h = f + 6. Let k(j) = 4*j**2 + 5*j - 2. Let g be k(f). Suppose -5*c + 53 = -g. What are the prime factors of c?
3, 11
List the prime factors of (-2)/30 - ((-364591)/15 + 15).
3, 2699
Suppose -t + 20553 = 2*y, 5*t - 2*y = -6*y + 102765. List the prime factors of t.
3, 13, 17, 31
Let a(p) = -p**3 + p + 1. Let x(y) = -46*y**3 - 4*y**2 + 3*y + 6. Let z(t) = -a(t) + x(t). List the prime factors of z(-2).
3, 5, 23
What are the prime factors of (2 - 2 - (-5)/(1 + 4))*17471?
17471
Let d(z) = z**3 - 19*z**2 + 6*z + 22. Let x(t) = -t**2 - t. Let a(r) = r - 29. Let i be a(28). Let u(n) = i*d(n) + 5*x(n). List the prime factors of u(11).
2, 5, 11
Let t be (-324)/(-16) + (21/12 - 1). List the prime factors of (t/(-9) + 3)/(2/1527).
509
Let d(b) = 4*b**3 + 6*b**2 + 2*b - 11. Let o be d(-5). Let t = 713 + o. What are the prime factors of t?
2, 3, 19
Let f(j) = 13942*j + 1404. List the prime factors of f(5).
2, 31, 37
Let r(v) = -v**3 + 8 - 1 - 8*v**2 - 2*v + 2*v + v. Let y be r(-8). List the prime factors of y/10*-8*(-365)/(-2).
2, 73
Let y = -34661 - -58226. What are the prime factors of y?
3, 5, 1571
Let n = 459 + -456. Suppose 2*j + 5*w - 696 = 0, 7*j - n*w = 5*j + 664. What are the prime factors of j?
2, 13
Suppose -5*k + 2179 = -4*s - 1564, -k - 3*s + 760 = 0. Let i = k - -69. Suppose -i = -8*r + 3*r. What are the prime factors of r?
2, 41
Let n(i) = -2*i - 2. Let x be n(-3). Let w be 76/(((-2)/(-8))/(5/10)). Suppose 3*k = -2*o + 127, -2*o - 2*k = -x*k - w. List the prime factors of o.
71
Let q(r) = 247*r**2 + 50*r**2 - 4 - 2 + 11*r - 15*r. What are the prime factors of q(-1)?
5, 59
Suppose 11*s = -6*s. Suppose 2*v - 270 - 292 = s. What are the prime factors of v?
281
Suppose 0*y + 2*x = 3*y - 3, x = -3*y - 6. Let v be 4*(150/8 + y). Let w = v + 26. What are the prime factors of w?
97
Suppose -24*f = -11*f - 273. Suppose 0 = 2*r + 3*b - 2276, -5*b + 31 = f. List the prime factors of r.
5, 227
Suppose -r - 58 = 9. Let l = r + 78. Suppose 8*q - l*q = -69. What are the prime factors of q?
23
Suppose 1550076 = 30*r + 535956. What are the prime factors of r?
2, 3, 313
Let j(p) = -p**3 - 22*p**2 + 103*p + 430. List the prime factors of j(-44).
2, 3, 5, 1283
Let f(g) = 4*g + 148. Let i = -185 + 185. What are the prime factors of f(i)?
2, 37
Let b(q) = 538*q + 1259. List the prime factors of b(10).
3, 2213
Suppose 4*o = -p + 12975, 8 - 1 = -o. List the prime factors of p.
13003
Let o be 24/14 + -2 + (-1107)/21. Let l = o - -65. Suppose l = 3*f + 3*f. What are the prime factors of f?
2
Let w(p) be the third derivative of -p**5/60 - 13*p**4/12 - 11*p**3/3 + 7*p**2. Let h be w(-11). Let r = h + -80. What are the prime factors of r?
3, 7
Suppose -2*c = -3*a + 31, -c + 0*a - 29 = 3*a. Let w(f) = f**2 - f + 33. What are the prime factors of w(c)?
3, 151
Let j = -280 - -279. What are the prime factors of (27236/(-88))/(j/2)?
619
Suppose 4*w - 5793 = -b - 1451, 0 = -2*b - 12. List the prime factors of w.
1087
Suppose 0 = -3*b - 2*b - 5020. Let i be -3 - (1*b)/4. Suppose -2*r = -6*r + i. List the prime factors of r.
2, 31
Suppose 3*j = -8*j + 9944. Let h = -589 + j. Suppose -5*t + h = -135. What are the prime factors of t?
2, 3, 5
Suppose 359 = 7*u + 58. Suppose -8532 = -u*w + 16*w. What are the prime factors of w?
2, 79
Suppose 0 = -2*a + 1 - 3. Let f(z) = -146*z + 4. Let r be f(a). Suppose 2*n = 2*o - n - 298, -o + 2*n + r = 0. List the prime factors of o.
2, 73
Suppose -4*a = 3 - 19. Suppose 760 = -24*c + 29*c. Suppose -2*i + 4*i + 92 = u, -a*i + c = 2*u. What are the prime factors of u?
2, 3, 7
Let s be (1 + (-26)/8)/(6/16). Let x(o) = 6*o**2 + 3*o - 17. What are the prime factors of x(s)?
181
Suppose 0 = -52*j + 1390780 + 288196. List the prime factors of j.
2, 1009
Let x = 4269 - -4275. List the prime factors of x.
2, 3, 89
Let q be ((-12)/3 - -5)/((-1)/27). Let t = 29 + q. List the prime factors of 5 - 3 - 0/(t + -3).
2
Let t(p) = 3*p**2 + 13*p + 11. Let z be t(-8). Suppose -4*q - z = -27. Let v(f) = -f**2 - 23*f - 14. What are the prime factors of v(q)?
2, 19
Let q be 22/((8/(-1348))/(-2)). Suppose -9*m = -q + 1348. List the prime factors of m.
2, 337
Suppose 6*m + 5*b = 7*m - 504, 0 = 5*m + 5*b - 2640. Suppose -1264 + m = -10*h. What are the prime factors of h?
2, 37
Suppose g = -2*z + 6589, -65*z + 64*z = -4*g - 3263. What are the prime factors of z?
3, 1097
List the prime factors of ((-407)/555)/(2/24)*-220.
2, 11
Let a be 494 + ((-560)/(-136) - (-2)/(-17)). Suppose -35*y + a = -33*y. What are the prime factors of y?
3, 83
What are the prime factors o